{"id":2559,"date":"2011-04-30T13:20:02","date_gmt":"2011-04-30T11:20:02","guid":{"rendered":"http:\/\/hembygd.junselebyar.se\/spelman\/?page_id=2559"},"modified":"2020-05-09T14:12:10","modified_gmt":"2020-05-09T12:12:10","slug":"register-over-spelman","status":"publish","type":"page","link":"https:\/\/hembygd.junselebyar.se\/spelman\/?page_id=2559","title":{"rendered":"Register \u00f6ver spelm\u00e4n"},"content":{"rendered":"<table border=\"0\" cellspacing=\"0\" cellpadding=\"0\">\n<tbody>\n<tr>\n<td width=\"192\" height=\"20\"><strong>Spelman<\/strong><\/td>\n<td width=\"64\"><strong>F\u00f6dd<\/strong><\/td>\n<td width=\"119\"><strong>Bosatt i<\/strong><\/td>\n<\/tr>\n<tr>\n<td height=\"20\"><a title=\"Permanent l\u00e4nk till Jonas Forss\u00e9n i Eden\" href=\"http:\/\/hembygd.junselebyar.se\/spelman\/?p=263\">Jonas Forss\u00e9n <\/a><\/td>\n<td>1799<\/td>\n<td>Eden<\/td>\n<\/tr>\n<tr>\n<td height=\"20\"><a href=\"http:\/\/hembygd.junselebyar.se\/spelman\/?p=721\">Nils Anders Sundius<\/a><\/td>\n<td>1819<\/td>\n<td>\u00d6vra<\/td>\n<\/tr>\n<tr>\n<td height=\"20\"><a title=\"Permanent l\u00e4nk till Abraham Wallin\" href=\"http:\/\/hembygd.junselebyar.se\/spelman\/?p=148\">Abraham Wallin<\/a><\/td>\n<td>1821<\/td>\n<td>Vallen<\/td>\n<\/tr>\n<tr>\n<td height=\"20\"><a title=\"Permanent l\u00e4nk till Johan Olsson \/ Spel-Jutte\" href=\"http:\/\/hembygd.junselebyar.se\/spelman\/?p=5265\">Johan Olsson \/ Spel-Jutte<\/a><\/td>\n<td>1826<\/td>\n<td>Edsele, Ramsele, L\u00e5ngsele och \u00c5dals-Lidens socknar<\/td>\n<\/tr>\n<tr>\n<td height=\"20\"><a href=\"http:\/\/hembygd.junselebyar.se\/spelman\/?p=3664\">Gustaf Johan Samuelsson<\/a><\/td>\n<td>1830<\/td>\n<td>Lillsele<\/td>\n<\/tr>\n<tr>\n<td height=\"20\"><a href=\"http:\/\/hembygd.junselebyar.se\/spelman\/?p=1594\">Olof Petter Sundvall<\/a><\/td>\n<td>1830<\/td>\n<td>Holafors, \u00c5dals-Liden<\/td>\n<\/tr>\n<tr>\n<td height=\"20\"><a href=\"http:\/\/hembygd.junselebyar.se\/spelman\/?p=747\">Bj\u00f6rn-Johan<\/a><\/td>\n<td>1831<\/td>\n<td>Tj\u00e4rn<\/td>\n<\/tr>\n<tr>\n<td height=\"20\"><a href=\"http:\/\/hembygd.junselebyar.se\/spelman\/?p=5207\">Erik Jakob N\u00e4ss\u00e9n<\/a><\/td>\n<td>1837<\/td>\n<td>Kr\u00e5nge och H\u00e4xmo, \u00c5dals-Liden<\/td>\n<\/tr>\n<tr>\n<td height=\"20\"><a href=\"http:\/\/hembygd.junselebyar.se\/spelman\/?p=330\">Henrik Jakob Ersson<\/a><\/td>\n<td>1849<\/td>\n<td>Bommer\u00e5sen<\/td>\n<\/tr>\n<tr>\n<td height=\"20\"><a title=\"Permanent l\u00e4nk till Nils Gustaf i Rusksand\" href=\"http:\/\/hembygd.junselebyar.se\/spelman\/?p=702\">Nils Gustaf Gustafsson<\/a><\/td>\n<td>1855<\/td>\n<td>Rusksand<\/td>\n<\/tr>\n<tr>\n<td height=\"20\"><a title=\"Permanent l\u00e4nk till Jon Abrahamsson i Vallen\" href=\"http:\/\/hembygd.junselebyar.se\/spelman\/?p=287\">Jon Abrahamsson<\/a><\/td>\n<td>1857<\/td>\n<td>Vallen<\/td>\n<\/tr>\n<tr>\n<td height=\"20\"><a title=\"Permanent l\u00e4nk till Erik Jakob i \u00d6fra\" href=\"http:\/\/hembygd.junselebyar.se\/spelman\/?p=669\">Erik Jakob Persson<\/a><\/td>\n<td>1859<\/td>\n<td>\u00d6vra<\/td>\n<\/tr>\n<tr>\n<td height=\"20\"><a title=\"Permanent l\u00e4nk till Jonke Molin i Mo\" href=\"http:\/\/hembygd.junselebyar.se\/spelman\/?p=212\">Jonke Molin <\/a><\/td>\n<td>1860<\/td>\n<td>Mo<\/td>\n<\/tr>\n<tr>\n<td height=\"20\"><a title=\"Permanent l\u00e4nk till Jonke p\u00e5 H\u00e4llberget\" href=\"http:\/\/hembygd.junselebyar.se\/spelman\/?p=3691\">Jonke p\u00e5 H\u00e4llberget <\/a><\/td>\n<td>1861<\/td>\n<td>Valln\u00e4set<\/td>\n<\/tr>\n<tr>\n<td height=\"20\"><a title=\"Permanent l\u00e4nk till Jakob Edlund i \u00d6stansj\u00f6\" href=\"http:\/\/hembygd.junselebyar.se\/spelman\/?p=76\">Jakob Edlund <\/a><\/td>\n<td>1865<\/td>\n<td>\u00d6stansj\u00f6<\/td>\n<\/tr>\n<tr>\n<td height=\"20\"><a title=\"Permanent l\u00e4nk till Karl Thor i Ysj\u00f6\" href=\"http:\/\/hembygd.junselebyar.se\/spelman\/?p=345\">Karl Thor<\/a><\/td>\n<td>1865<\/td>\n<td>Ysj\u00f6<\/td>\n<\/tr>\n<tr>\n<td height=\"20\"><a title=\"Permanent l\u00e4nk till Mattias Rosin\" href=\"http:\/\/hembygd.junselebyar.se\/spelman\/?p=29\">Mattias Rosin<\/a><\/td>\n<td>1867<\/td>\n<td>Vallen<\/td>\n<\/tr>\n<tr>\n<td height=\"20\"><a title=\"Permanent l\u00e4nk till Hampe Nilsson i Lidgatu\" href=\"http:\/\/hembygd.junselebyar.se\/spelman\/?p=126\">Spel-Jonas <\/a><\/td>\n<td>1868<\/td>\n<td>Betarsj\u00f6n\u00e4set<\/td>\n<\/tr>\n<tr>\n<td height=\"20\"><a title=\"Permanent l\u00e4nk till Spel-Jonas i Betarsj\u00f6n\u00e4set\" href=\"http:\/\/hembygd.junselebyar.se\/spelman\/?p=5178\">Hampe Nilsson <\/a><\/td>\n<td>1868<\/td>\n<td>Lidgatu, \u00c5dals-Liden<\/td>\n<\/tr>\n<tr>\n<td height=\"20\"><a title=\"Permanent l\u00e4nk till Valentin Edin fr\u00e5n Krange\" href=\"http:\/\/hembygd.junselebyar.se\/spelman\/?p=1\">Valentin Edin <\/a><\/td>\n<td>1875<\/td>\n<td>Kr\u00e5nge<\/td>\n<\/tr>\n<tr>\n<td height=\"20\"><a title=\"Permanent l\u00e4nk till Gustaf Hedberg i T\u00e5gsj\u00f6torp\" href=\"http:\/\/hembygd.junselebyar.se\/spelman\/?p=3668\">Gustaf Hedberg <\/a><\/td>\n<td>1876<\/td>\n<td>T\u00e5gsj\u00f6torp<\/td>\n<\/tr>\n<tr>\n<td height=\"20\"><a title=\"Permanent l\u00e4nk till Erik Sj\u00f6din i V\u00e4stanb\u00e4ck\" href=\"http:\/\/hembygd.junselebyar.se\/spelman\/?p=381\">Erik Sj\u00f6din<\/a><\/td>\n<td>1877<\/td>\n<td>V\u00e4stanb\u00e4ck<\/td>\n<\/tr>\n<tr>\n<td height=\"20\"><a href=\"http:\/\/hembygd.junselebyar.se\/spelman\/?p=1738\">Erik Persson<\/a><\/td>\n<td>1877<\/td>\n<td>R\u00f6\u00e5n<\/td>\n<\/tr>\n<tr>\n<td height=\"20\"><a title=\"Permanent l\u00e4nk till Lapp\u00e5s Petter\" href=\"http:\/\/hembygd.junselebyar.se\/spelman\/?p=96\">Lapp\u00e5s Petter<\/a><\/td>\n<td>1877<\/td>\n<td>Bysj\u00f6<\/td>\n<\/tr>\n<tr>\n<td height=\"20\"><a href=\"http:\/\/hembygd.junselebyar.se\/spelman\/?p=3297\">Albin Altin<\/a><\/td>\n<td>1878<\/td>\n<td>Holafors, \u00c5dals-Liden<\/td>\n<\/tr>\n<tr>\n<td height=\"20\"><a title=\"Permanent l\u00e4nk till Ante Nord p\u00e5 Stenn\u00e4set\" href=\"http:\/\/hembygd.junselebyar.se\/spelman\/?p=364\">Ante Nord <\/a><\/td>\n<td>1878<\/td>\n<td>Stenn\u00e4set<\/td>\n<\/tr>\n<tr>\n<td height=\"20\"><a title=\"Permanent l\u00e4nk till Hans \u00c5hman\" href=\"http:\/\/hembygd.junselebyar.se\/spelman\/?p=288\">Hans \u00c5hman<\/a><\/td>\n<td>1879<\/td>\n<td>B\u00f6len<\/td>\n<\/tr>\n<tr>\n<td height=\"20\"><a href=\"http:\/\/hembygd.junselebyar.se\/spelman\/?p=2493\">Johannes Berg<\/a><\/td>\n<td>1880<\/td>\n<td>Lilleg\u00e5rd<\/td>\n<\/tr>\n<tr>\n<td height=\"20\"><a title=\"Permanent l\u00e4nk till Nicke Nord\" href=\"http:\/\/hembygd.junselebyar.se\/spelman\/?p=488\">Nicke Nord<\/a><\/td>\n<td>1882<\/td>\n<td>Stenn\u00e4set<\/td>\n<\/tr>\n<tr>\n<td height=\"20\"><a title=\"Permanent l\u00e4nk till Gottfrid Knutsson\" href=\"http:\/\/hembygd.junselebyar.se\/spelman\/?p=896\">Gottfrid Knutsson<\/a><\/td>\n<td>1882<\/td>\n<td>Valviken<\/td>\n<\/tr>\n<tr>\n<td height=\"20\"><a href=\"http:\/\/hembygd.junselebyar.se\/spelman\/?p=1738\">Per Anton Pettersson<\/a><\/td>\n<td>1882<\/td>\n<td>R\u00f6\u00e5n<\/td>\n<\/tr>\n<tr>\n<td height=\"20\"><a href=\"http:\/\/hembygd.junselebyar.se\/spelman\/?p=1134\">Aristarkus Persson<\/a><\/td>\n<td>1883<\/td>\n<td>\u00d6vra<\/td>\n<\/tr>\n<tr>\n<td height=\"20\"><a title=\"Permanent l\u00e4nk till Jonas Granqvist i \u00d6fra\" href=\"http:\/\/hembygd.junselebyar.se\/spelman\/?p=224\">Jonas Granqvist<\/a><\/td>\n<td>1884<\/td>\n<td>\u00d6vra<\/td>\n<\/tr>\n<tr>\n<td height=\"20\"><a title=\"Permanent l\u00e4nk till Johannes Bertilsson p\u00e5 H\u00e5lla\" href=\"http:\/\/hembygd.junselebyar.se\/spelman\/?p=5443\">Johannes Bertilsson<\/a><\/td>\n<td>1884<\/td>\n<td>H\u00e5lla<\/td>\n<\/tr>\n<tr>\n<td height=\"20\"><a title=\"Permanent l\u00e4nk till Olle Westberg\" href=\"http:\/\/hembygd.junselebyar.se\/spelman\/?p=42\">Olle Westberg<\/a><\/td>\n<td>1885<\/td>\n<td>Vallen<\/td>\n<\/tr>\n<tr>\n<td height=\"20\"><a title=\"Permanent l\u00e4nk till Daniel Sj\u00f6din p\u00e5 H\u00e5lla\" href=\"http:\/\/hembygd.junselebyar.se\/spelman\/?p=385\">Daniel Sj\u00f6din<\/a><\/td>\n<td>1886<\/td>\n<td>H\u00e5lla<\/td>\n<\/tr>\n<tr>\n<td height=\"20\"><a title=\"Permanent l\u00e4nk till Anders Nordahl\" href=\"http:\/\/hembygd.junselebyar.se\/spelman\/?p=403\">Anders Nordahl<\/a><\/td>\n<td>1887<\/td>\n<td>Kr\u00e5nge<\/td>\n<\/tr>\n<tr>\n<td height=\"20\"><a href=\"http:\/\/hembygd.junselebyar.se\/spelman\/?p=7197\">Br\u00f6derna Eriksson<\/a><\/td>\n<td>1887, 1897, 1900<\/td>\n<td>Holafors, \u00c5dals-Liden<\/td>\n<\/tr>\n<tr>\n<td height=\"20\"><a href=\"http:\/\/hembygd.junselebyar.se\/spelman\/?p=892\">Fridolf Lundqvist<\/a><\/td>\n<td>1888<\/td>\n<td>Tarasj\u00f6berg<\/td>\n<\/tr>\n<tr>\n<td height=\"20\"><a title=\"Permanent l\u00e4nk till Nils Jonas Granqvist\" href=\"http:\/\/hembygd.junselebyar.se\/spelman\/?p=63\">Nils Jonas Granqvist<\/a><\/td>\n<td>1891<\/td>\n<td>Vallen<\/td>\n<\/tr>\n<tr>\n<td height=\"20\"><a title=\"Permanent l\u00e4nk till Amandus Edlund\" href=\"http:\/\/hembygd.junselebyar.se\/spelman\/?p=141\">Amandus Edlund <\/a><\/td>\n<td>1892<\/td>\n<td>Sunnansj\u00f6<\/td>\n<\/tr>\n<tr>\n<td height=\"20\"><a title=\"Permanent l\u00e4nk till Edvard Hansson i H\u00e4llby\" href=\"http:\/\/hembygd.junselebyar.se\/spelman\/?p=336\">Edvard Hansson <\/a><\/td>\n<td>1892<\/td>\n<td>H\u00e4llby<\/td>\n<\/tr>\n<tr>\n<td height=\"20\"><a title=\"Permanent l\u00e4nk till Verner Eriksson i \u00d6fra\" href=\"http:\/\/hembygd.junselebyar.se\/spelman\/?p=670\">Verner Eriksson<\/a><\/td>\n<td>1892<\/td>\n<td>\u00d6vra<\/td>\n<\/tr>\n<tr>\n<td height=\"20\"><a title=\"Permanent l\u00e4nk till Jonas Jonsson i Valln\u00e4set\" href=\"http:\/\/hembygd.junselebyar.se\/spelman\/?p=3695\">Jonas Jonsson<\/a><\/td>\n<td>1893<\/td>\n<td>Valln\u00e4set<\/td>\n<\/tr>\n<tr>\n<td height=\"20\"><a title=\"Permanent l\u00e4nk till Albin Berglund i T\u00e5gsj\u00f6torp\" href=\"http:\/\/hembygd.junselebyar.se\/spelman\/?p=101\">Albin Berglund<\/a><\/td>\n<td>1894<\/td>\n<td>T\u00e5gsj\u00f6torp<\/td>\n<\/tr>\n<tr>\n<td height=\"20\"><a title=\"Permanent l\u00e4nk till Herman Th\u00f6rnqvist\" href=\"http:\/\/hembygd.junselebyar.se\/spelman\/?p=4250\">Herman Th\u00f6rnqvist<\/a><\/td>\n<td>1894<\/td>\n<td>Bommer\u00e5sen och B\u00f6len<\/td>\n<\/tr>\n<tr>\n<td height=\"20\"><a title=\"Permanent l\u00e4nk till Magnus Andersson\" href=\"http:\/\/hembygd.junselebyar.se\/spelman\/?p=121\">Magnus Andersson<\/a><\/td>\n<td>1896<\/td>\n<td>Kr\u00e5nge<\/td>\n<\/tr>\n<tr>\n<td height=\"20\"><a title=\"Permanent l\u00e4nk till Hilmer Vallinder\" href=\"http:\/\/hembygd.junselebyar.se\/spelman\/?p=277\">Hilmer Vallinder<\/a><\/td>\n<td>1897<\/td>\n<td>Vallen<\/td>\n<\/tr>\n<tr>\n<td height=\"20\"><a title=\"Permanent l\u00e4nk till Agnar Nilsson i Ulfvik\" href=\"http:\/\/hembygd.junselebyar.se\/spelman\/?p=720\">Agnar Nilsson<\/a><\/td>\n<td>1898<\/td>\n<td>Ulfvik<\/td>\n<\/tr>\n<tr>\n<td height=\"20\"><a title=\"Permanent l\u00e4nk till Richard Sj\u00f6din i R\u00f6\u00e5n\" href=\"http:\/\/hembygd.junselebyar.se\/spelman\/?p=6677\">Richard Sj\u00f6din<\/a><\/td>\n<td>1898<\/td>\n<td>R\u00f6\u00e5n<\/td>\n<\/tr>\n<tr>\n<td height=\"20\"><a title=\"Permanent l\u00e4nk till Jonas Sj\u00f6din i L\u00e5ngvattnet\" href=\"http:\/\/hembygd.junselebyar.se\/spelman\/?p=20\">Jonas Sj\u00f6din<\/a><\/td>\n<td>1899<\/td>\n<td>L\u00e5ngvattnet<\/td>\n<\/tr>\n<tr>\n<td height=\"20\"><a title=\"Permanent l\u00e4nk till Adolf Berglund\" href=\"http:\/\/hembygd.junselebyar.se\/spelman\/?p=159\">Adolf Berglund<\/a><\/td>\n<td>1901<\/td>\n<td>Stuguvattentj\u00e4len<\/td>\n<\/tr>\n<tr>\n<td height=\"20\"><a href=\"http:\/\/hembygd.junselebyar.se\/spelman\/?p=1571\">Fritjof Vallgren<\/a><\/td>\n<td>1903<\/td>\n<td>Bysj\u00f6<\/td>\n<\/tr>\n<tr>\n<td height=\"20\"><a href=\"http:\/\/hembygd.junselebyar.se\/spelman\/?p=1130\">Sigurd Abrahamsson<\/a><\/td>\n<td>1905<\/td>\n<td>Kr\u00e5nge<\/td>\n<\/tr>\n<tr>\n<td height=\"20\"><a href=\"http:\/\/hembygd.junselebyar.se\/spelman\/?p=877\">Jon Engstr\u00f6m<\/a><\/td>\n<td>1905<\/td>\n<td>Kvarn\u00e5<\/td>\n<\/tr>\n<tr>\n<td height=\"20\"><a title=\"Permanent l\u00e4nk till Allan Svensson i Bysj\u00f6\" href=\"http:\/\/hembygd.junselebyar.se\/spelman\/?p=109\">Allan Svensson<\/a><\/td>\n<td>1907<\/td>\n<td>Bysj\u00f6<\/td>\n<\/tr>\n<tr>\n<td height=\"20\"><a href=\"http:\/\/hembygd.junselebyar.se\/spelman\/?p=719\">Harald Granqvist<\/a><\/td>\n<td>1922<\/td>\n<td>Vallen<\/td>\n<\/tr>\n<\/tbody>\n<\/table>\n","protected":false},"excerpt":{"rendered":"<p>Spelman F\u00f6dd Bosatt i Jonas Forss\u00e9n 1799 Eden Nils Anders Sundius 1819 \u00d6vra Abraham Wallin 1821 Vallen Johan Olsson \/ Spel-Jutte 1826 Edsele, Ramsele, L\u00e5ngsele och \u00c5dals-Lidens socknar Gustaf Johan Samuelsson 1830 Lillsele Olof Petter Sundvall 1830 Holafors, \u00c5dals-Liden Bj\u00f6rn-Johan 1831 Tj\u00e4rn Erik Jakob N\u00e4ss\u00e9n 1837 Kr\u00e5nge och H\u00e4xmo, \u00c5dals-Liden Henrik Jakob Ersson 1849 Bommer\u00e5sen [&hellip;]<\/p>\n","protected":false},"author":3,"featured_media":0,"parent":0,"menu_order":0,"comment_status":"closed","ping_status":"closed","template":"","meta":{"footnotes":""},"class_list":["post-2559","page","type-page","status-publish","hentry"],"_links":{"self":[{"href":"https:\/\/hembygd.junselebyar.se\/spelman\/index.php?rest_route=\/wp\/v2\/pages\/2559","targetHints":{"allow":["GET"]}}],"collection":[{"href":"https:\/\/hembygd.junselebyar.se\/spelman\/index.php?rest_route=\/wp\/v2\/pages"}],"about":[{"href":"https:\/\/hembygd.junselebyar.se\/spelman\/index.php?rest_route=\/wp\/v2\/types\/page"}],"author":[{"embeddable":true,"href":"https:\/\/hembygd.junselebyar.se\/spelman\/index.php?rest_route=\/wp\/v2\/users\/3"}],"replies":[{"embeddable":true,"href":"https:\/\/hembygd.junselebyar.se\/spelman\/index.php?rest_route=%2Fwp%2Fv2%2Fcomments&post=2559"}],"version-history":[{"count":46,"href":"https:\/\/hembygd.junselebyar.se\/spelman\/index.php?rest_route=\/wp\/v2\/pages\/2559\/revisions"}],"predecessor-version":[{"id":9050,"href":"https:\/\/hembygd.junselebyar.se\/spelman\/index.php?rest_route=\/wp\/v2\/pages\/2559\/revisions\/9050"}],"wp:attachment":[{"href":"https:\/\/hembygd.junselebyar.se\/spelman\/index.php?rest_route=%2Fwp%2Fv2%2Fmedia&parent=2559"}],"curies":[{"name":"wp","href":"https:\/\/api.w.org\/{rel}","templated":true}]}}