{"id":5515,"date":"2013-02-27T15:17:35","date_gmt":"2013-02-27T14:17:35","guid":{"rendered":"http:\/\/hembygd.junselebyar.se\/spelman\/wp-content\/uploads\/2010\/06\/Jon-p\u00e5-\u00e4ldre-dagar.jpg"},"modified":"2013-02-27T15:17:35","modified_gmt":"2013-02-27T14:17:35","slug":"jon-pa-aldre-dagar","status":"inherit","type":"attachment","link":"https:\/\/hembygd.junselebyar.se\/spelman\/?attachment_id=5515","title":{"rendered":"Jon p\u00e5 \u00e4ldre dagar"},"author":2,"featured_media":0,"comment_status":"open","ping_status":"closed","template":"","meta":[],"class_list":["post-5515","attachment","type-attachment","status-inherit","hentry"],"description":{"rendered":"<p class=\"attachment\"><a href='https:\/\/hembygd.junselebyar.se\/spelman\/wp-content\/uploads\/2010\/06\/Jon-p\u00e5-\u00e4ldre-dagar.jpg'><img loading=\"lazy\" decoding=\"async\" width=\"540\" height=\"423\" src=\"https:\/\/hembygd.junselebyar.se\/spelman\/wp-content\/uploads\/2010\/06\/Jon-p\u00e5-\u00e4ldre-dagar-540x423.jpg\" class=\"attachment-medium size-medium\" alt=\"\" srcset=\"https:\/\/hembygd.junselebyar.se\/spelman\/wp-content\/uploads\/2010\/06\/Jon-p\u00e5-\u00e4ldre-dagar-540x423.jpg 540w, https:\/\/hembygd.junselebyar.se\/spelman\/wp-content\/uploads\/2010\/06\/Jon-p\u00e5-\u00e4ldre-dagar-382x300.jpg 382w\" sizes=\"auto, (max-width: 540px) 100vw, 540px\" \/><\/a><\/p>\n"},"caption":{"rendered":""},"alt_text":"","media_type":"image","mime_type":"image\/jpeg","media_details":{"width":2964,"height":2324,"file":"2010\/06\/Jon-p\u00e5-\u00e4ldre-dagar.jpg","sizes":{"medium":{"file":"Jon-p\u00e5-\u00e4ldre-dagar-540x423.jpg","width":540,"height":423,"mime_type":"image\/jpeg","source_url":"https:\/\/hembygd.junselebyar.se\/spelman\/wp-content\/uploads\/2010\/06\/Jon-p\u00e5-\u00e4ldre-dagar-540x423.jpg"},"post-thumbnail":{"file":"Jon-p\u00e5-\u00e4ldre-dagar-1000x200.jpg","width":1000,"height":200,"mime_type":"image\/jpeg","source_url":"https:\/\/hembygd.junselebyar.se\/spelman\/wp-content\/uploads\/2010\/06\/Jon-p\u00e5-\u00e4ldre-dagar-1000x200.jpg"},"large-feature":{"file":"Jon-p\u00e5-\u00e4ldre-dagar-1000x200.jpg","width":1000,"height":200,"mime_type":"image\/jpeg","source_url":"https:\/\/hembygd.junselebyar.se\/spelman\/wp-content\/uploads\/2010\/06\/Jon-p\u00e5-\u00e4ldre-dagar-1000x200.jpg"},"small-feature":{"file":"Jon-p\u00e5-\u00e4ldre-dagar-382x300.jpg","width":382,"height":300,"mime_type":"image\/jpeg","source_url":"https:\/\/hembygd.junselebyar.se\/spelman\/wp-content\/uploads\/2010\/06\/Jon-p\u00e5-\u00e4ldre-dagar-382x300.jpg"},"full":{"file":"Jon-p\u00e5-\u00e4ldre-dagar.jpg","width":2964,"height":2324,"mime_type":"image\/jpeg","source_url":"https:\/\/hembygd.junselebyar.se\/spelman\/wp-content\/uploads\/2010\/06\/Jon-p\u00e5-\u00e4ldre-dagar.jpg"}},"image_meta":{"aperture":0,"credit":"","camera":"","caption":"","created_timestamp":0,"copyright":"","focal_length":0,"iso":0,"shutter_speed":0,"title":""}},"post":877,"source_url":"https:\/\/hembygd.junselebyar.se\/spelman\/wp-content\/uploads\/2010\/06\/Jon-p\u00e5-\u00e4ldre-dagar.jpg","_links":{"self":[{"href":"https:\/\/hembygd.junselebyar.se\/spelman\/index.php?rest_route=\/wp\/v2\/media\/5515","targetHints":{"allow":["GET"]}}],"collection":[{"href":"https:\/\/hembygd.junselebyar.se\/spelman\/index.php?rest_route=\/wp\/v2\/media"}],"about":[{"href":"https:\/\/hembygd.junselebyar.se\/spelman\/index.php?rest_route=\/wp\/v2\/types\/attachment"}],"author":[{"embeddable":true,"href":"https:\/\/hembygd.junselebyar.se\/spelman\/index.php?rest_route=\/wp\/v2\/users\/2"}],"replies":[{"embeddable":true,"href":"https:\/\/hembygd.junselebyar.se\/spelman\/index.php?rest_route=%2Fwp%2Fv2%2Fcomments&post=5515"}],"wp:attached-to":[{"embeddable":true,"post_type":"post","id":877,"href":"https:\/\/hembygd.junselebyar.se\/spelman\/index.php?rest_route=\/wp\/v2\/posts\/877"}],"curies":[{"name":"wp","href":"https:\/\/api.w.org\/{rel}","templated":true}]}}

http://hembygd.junselebyar.se/spelman/wp-content/uploads/2010/06/Jon-på-äldre-dagar.jpg

Jon på äldre dagar

<p class="attachment"><a href='https://hembygd.junselebyar.se/spelman/wp-content/uploads/2010/06/Jon-på-äldre-dagar.jpg'><img loading="lazy" decoding="async" width="540" height="423" src="https://hembygd.junselebyar.se/spelman/wp-content/uploads/2010/06/Jon-på-äldre-dagar-540x423.jpg" class="attachment-medium size-medium" alt="" srcset="https://hembygd.junselebyar.se/spelman/wp-content/uploads/2010/06/Jon-på-äldre-dagar-540x423.jpg 540w, https://hembygd.junselebyar.se/spelman/wp-content/uploads/2010/06/Jon-på-äldre-dagar-382x300.jpg 382w" sizes="auto, (max-width: 540px) 100vw, 540px" /></a></p>

2010/06/Jon-på-äldre-dagar.jpg

Jon-på-äldre-dagar-540x423.jpg

https://hembygd.junselebyar.se/spelman/wp-content/uploads/2010/06/Jon-på-äldre-dagar-540x423.jpg

Jon-på-äldre-dagar-1000x200.jpg

https://hembygd.junselebyar.se/spelman/wp-content/uploads/2010/06/Jon-på-äldre-dagar-1000x200.jpg

Jon-på-äldre-dagar-382x300.jpg

https://hembygd.junselebyar.se/spelman/wp-content/uploads/2010/06/Jon-på-äldre-dagar-382x300.jpg

Jon-på-äldre-dagar.jpg

https://hembygd.junselebyar.se/spelman/wp-content/uploads/2010/06/Jon-på-äldre-dagar.jpg
