{"id":5505,"date":"2013-02-27T15:06:12","date_gmt":"2013-02-27T14:06:12","guid":{"rendered":"http:\/\/hembygd.junselebyar.se\/spelman\/wp-content\/uploads\/2010\/06\/Jons-f\u00f6r\u00e4ldrahem-i-Kvarn\u00e5.jpg"},"modified":"2013-02-27T15:06:12","modified_gmt":"2013-02-27T14:06:12","slug":"jons-foraldrahem-i-kvarna","status":"inherit","type":"attachment","link":"https:\/\/hembygd.junselebyar.se\/spelman\/?attachment_id=5505","title":{"rendered":"Jons f\u00f6r\u00e4ldrahem i Kvarn\u00e5"},"author":2,"featured_media":0,"comment_status":"open","ping_status":"closed","template":"","meta":[],"class_list":["post-5505","attachment","type-attachment","status-inherit","hentry"],"description":{"rendered":"<p class=\"attachment\"><a href='https:\/\/hembygd.junselebyar.se\/spelman\/wp-content\/uploads\/2010\/06\/Jons-f\u00f6r\u00e4ldrahem-i-Kvarn\u00e5.jpg'><img loading=\"lazy\" decoding=\"async\" width=\"540\" height=\"405\" src=\"https:\/\/hembygd.junselebyar.se\/spelman\/wp-content\/uploads\/2010\/06\/Jons-f\u00f6r\u00e4ldrahem-i-Kvarn\u00e5-540x405.jpg\" class=\"attachment-medium size-medium\" alt=\"\" srcset=\"https:\/\/hembygd.junselebyar.se\/spelman\/wp-content\/uploads\/2010\/06\/Jons-f\u00f6r\u00e4ldrahem-i-Kvarn\u00e5-540x405.jpg 540w, https:\/\/hembygd.junselebyar.se\/spelman\/wp-content\/uploads\/2010\/06\/Jons-f\u00f6r\u00e4ldrahem-i-Kvarn\u00e5-400x300.jpg 400w, https:\/\/hembygd.junselebyar.se\/spelman\/wp-content\/uploads\/2010\/06\/Jons-f\u00f6r\u00e4ldrahem-i-Kvarn\u00e5.jpg 2048w\" sizes=\"auto, (max-width: 540px) 100vw, 540px\" \/><\/a><\/p>\n"},"caption":{"rendered":""},"alt_text":"","media_type":"image","mime_type":"image\/jpeg","media_details":{"width":2048,"height":1536,"file":"2010\/06\/Jons-f\u00f6r\u00e4ldrahem-i-Kvarn\u00e5.jpg","sizes":{"medium":{"file":"Jons-f\u00f6r\u00e4ldrahem-i-Kvarn\u00e5-540x405.jpg","width":540,"height":405,"mime_type":"image\/jpeg","source_url":"https:\/\/hembygd.junselebyar.se\/spelman\/wp-content\/uploads\/2010\/06\/Jons-f\u00f6r\u00e4ldrahem-i-Kvarn\u00e5-540x405.jpg"},"post-thumbnail":{"file":"Jons-f\u00f6r\u00e4ldrahem-i-Kvarn\u00e5-1000x200.jpg","width":1000,"height":200,"mime_type":"image\/jpeg","source_url":"https:\/\/hembygd.junselebyar.se\/spelman\/wp-content\/uploads\/2010\/06\/Jons-f\u00f6r\u00e4ldrahem-i-Kvarn\u00e5-1000x200.jpg"},"large-feature":{"file":"Jons-f\u00f6r\u00e4ldrahem-i-Kvarn\u00e5-1000x200.jpg","width":1000,"height":200,"mime_type":"image\/jpeg","source_url":"https:\/\/hembygd.junselebyar.se\/spelman\/wp-content\/uploads\/2010\/06\/Jons-f\u00f6r\u00e4ldrahem-i-Kvarn\u00e5-1000x200.jpg"},"small-feature":{"file":"Jons-f\u00f6r\u00e4ldrahem-i-Kvarn\u00e5-400x300.jpg","width":400,"height":300,"mime_type":"image\/jpeg","source_url":"https:\/\/hembygd.junselebyar.se\/spelman\/wp-content\/uploads\/2010\/06\/Jons-f\u00f6r\u00e4ldrahem-i-Kvarn\u00e5-400x300.jpg"},"full":{"file":"Jons-f\u00f6r\u00e4ldrahem-i-Kvarn\u00e5.jpg","width":2048,"height":1536,"mime_type":"image\/jpeg","source_url":"https:\/\/hembygd.junselebyar.se\/spelman\/wp-content\/uploads\/2010\/06\/Jons-f\u00f6r\u00e4ldrahem-i-Kvarn\u00e5.jpg"}},"image_meta":{"aperture":2.7,"credit":"","camera":"KODAK EASYSHARE C613 ZOOM DIGITAL CAMERA","caption":"","created_timestamp":1215850875,"copyright":"","focal_length":"6","iso":"80","shutter_speed":"0.009511","title":""}},"post":877,"source_url":"https:\/\/hembygd.junselebyar.se\/spelman\/wp-content\/uploads\/2010\/06\/Jons-f\u00f6r\u00e4ldrahem-i-Kvarn\u00e5.jpg","_links":{"self":[{"href":"https:\/\/hembygd.junselebyar.se\/spelman\/index.php?rest_route=\/wp\/v2\/media\/5505","targetHints":{"allow":["GET"]}}],"collection":[{"href":"https:\/\/hembygd.junselebyar.se\/spelman\/index.php?rest_route=\/wp\/v2\/media"}],"about":[{"href":"https:\/\/hembygd.junselebyar.se\/spelman\/index.php?rest_route=\/wp\/v2\/types\/attachment"}],"author":[{"embeddable":true,"href":"https:\/\/hembygd.junselebyar.se\/spelman\/index.php?rest_route=\/wp\/v2\/users\/2"}],"replies":[{"embeddable":true,"href":"https:\/\/hembygd.junselebyar.se\/spelman\/index.php?rest_route=%2Fwp%2Fv2%2Fcomments&post=5505"}],"wp:attached-to":[{"embeddable":true,"post_type":"post","id":877,"href":"https:\/\/hembygd.junselebyar.se\/spelman\/index.php?rest_route=\/wp\/v2\/posts\/877"}],"curies":[{"name":"wp","href":"https:\/\/api.w.org\/{rel}","templated":true}]}}

http://hembygd.junselebyar.se/spelman/wp-content/uploads/2010/06/Jons-föräldrahem-i-Kvarnå.jpg

Jons föräldrahem i Kvarnå

<p class="attachment"><a href='https://hembygd.junselebyar.se/spelman/wp-content/uploads/2010/06/Jons-föräldrahem-i-Kvarnå.jpg'><img loading="lazy" decoding="async" width="540" height="405" src="https://hembygd.junselebyar.se/spelman/wp-content/uploads/2010/06/Jons-föräldrahem-i-Kvarnå-540x405.jpg" class="attachment-medium size-medium" alt="" srcset="https://hembygd.junselebyar.se/spelman/wp-content/uploads/2010/06/Jons-föräldrahem-i-Kvarnå-540x405.jpg 540w, https://hembygd.junselebyar.se/spelman/wp-content/uploads/2010/06/Jons-föräldrahem-i-Kvarnå-400x300.jpg 400w, https://hembygd.junselebyar.se/spelman/wp-content/uploads/2010/06/Jons-föräldrahem-i-Kvarnå.jpg 2048w" sizes="auto, (max-width: 540px) 100vw, 540px" /></a></p>

2010/06/Jons-föräldrahem-i-Kvarnå.jpg

Jons-föräldrahem-i-Kvarnå-540x405.jpg

https://hembygd.junselebyar.se/spelman/wp-content/uploads/2010/06/Jons-föräldrahem-i-Kvarnå-540x405.jpg

Jons-föräldrahem-i-Kvarnå-1000x200.jpg

https://hembygd.junselebyar.se/spelman/wp-content/uploads/2010/06/Jons-föräldrahem-i-Kvarnå-1000x200.jpg

Jons-föräldrahem-i-Kvarnå-400x300.jpg

https://hembygd.junselebyar.se/spelman/wp-content/uploads/2010/06/Jons-föräldrahem-i-Kvarnå-400x300.jpg

Jons-föräldrahem-i-Kvarnå.jpg

https://hembygd.junselebyar.se/spelman/wp-content/uploads/2010/06/Jons-föräldrahem-i-Kvarnå.jpg
